 1461, 4*m + u*w = 5882. Is m a prime number?
False
Suppose -53*j + 23*j + 8471850 = 0. Is j a composite number?
True
Suppose 63*y - 2059404 - 6535119 = 0. Is y a composite number?
False
Let u be 6/(-14) - (-1017)/21. Let w = 49 - u. Is w*(14/77 - 15990/(-22)) a composite number?
False
Suppose 0*b + 7494 = b. Let d be b/12 + (-1)/(-2). Suppose 4*p - d = -2*t + p, 0 = -2*t + 4*p + 646. Is t a composite number?
False
Let x be -5 - (0 + 1 + -10). Suppose -m + 99 = -5*s, x*m - 5*s = -2*s + 328. Is m a composite number?
False
Suppose 0 = 119*i - 124*i + 2256905. Is i composite?
True
Let l = 56 - 54. Suppose -2*n = 4*o - 5*o + 2025, -2*n + 4026 = l*o. Is o composite?
False
Suppose 19*x - 42 = 53. Is ((-133)/(-70) + (-2)/x)*5758 prime?
False
Is 7508 + (12 - 9 - 12) composite?
False
Let s = -764 + 5311. Is s composite?
False
Suppose 37387524 + 21857677 = 356*o + 13438325. Is o composite?
True
Let a(p) = 3*p - 15. Let i(s) = 5*s - 23. Let c(z) = -8*a(z) + 5*i(z). Let w be c(-5). Suppose -j + 1145 + 1326 = w. Is j a prime number?
False
Suppose 49*p - 44*p = 1816745. Is p a prime number?
False
Suppose 16*x + 24 = 8*x. Let k(w) = w**2 + 3*w + 3. Let m be k(x). Suppose 5*r + 5*h - 155 = h, 4*h - 85 = -m*r. Is r a prime number?
False
Suppose 0 = -25*h + 19*h + 10338. Suppose 0 = m + 2*l - 1137, 5*l - 1692 = -3*m + h. Is m a prime number?
False
Let f be (20/6 - 2)/((-4)/(-402)). Let q(a) = 2*a**3 - a**2 + 6*a - 5. Let j be q(4). Let x = f + j. Is x composite?
True
Suppose -7*w - 73 = 46. Let s = w + 17. Suppose 17*y - 3*y - 41734 = s. Is y a prime number?
False
Suppose 131*y + 31*y - 22721310 = 0. Is y composite?
True
Suppose -88*w = 3148208 - 18244872. Is w a composite number?
False
Suppose 0 = 93*j - 31799801 - 2483068. Is j a prime number?
True
Let g = 143 - 137. Suppose 796 + 182 = g*v. Is v a composite number?
False
Let y = -28 + 63. Let l(a) = 1 - 25*a**2 + y*a**2 - 3. Is l(6) a composite number?
True
Let n = -6307 + -369. Let d = -3453 - n. Is d composite?
True
Let v = 760 - 11929. Let i = v - -16516. Is i a prime number?
True
Let u(g) = 4155*g + 992. Is u(23) a composite number?
False
Let c(i) = 1299*i**2 + 16*i - 181. Is c(-16) composite?
True
Suppose -54*y + 276846 + 47283 = -210525. Is y prime?
True
Suppose 3*r = -4*g + 21, 4*r = -4*g - 0*g + 20. Suppose -11290 = -g*h + h. Suppose h = 3*x - 16. Is x a prime number?
False
Let k(s) = -14057*s - 123. Let r be k(11). Is (-2)/(5 - (r/(-17194) - 4)) composite?
False
Let d = 345 + -266. Suppose d*n - 18205 = 68*n. Is n a composite number?
True
Is ((-615360)/9 - 4)/((-66)/99) a composite number?
True
Is (-1)/1 - 4 - 12871656/(-27) a composite number?
True
Let z(p) = 567*p + 20. Suppose 0 = 3*x + 5*c + 16, 5*x - 4*c - 25 = 10. Suppose -x*g + 21 = 2*q, g - 2*q - 21 = -2*g. Is z(g) prime?
True
Suppose 9*v + 1558342 = 41*v - 1969690. Is v composite?
False
Let d = 1582953 - 900092. Is d a composite number?
True
Let k(b) = -3*b**3 + 38*b**2 - b - 24. Let c be k(18). Let x = c - -10189. Is x composite?
True
Let o(d) = 45*d**2 + 6*d + 1. Let k be o(5). Suppose -74*n - 81*n = -275 - 500. Suppose -n*h + k = -h. Is h composite?
True
Suppose -4*h + 13646 = -5*q, -4*h + 14210 = 4*q + 546. Let k = 10427 - h. Is k prime?
True
Let t be (-952)/(-51)*((-309)/(-12) - -2). Suppose d - 369 - t = -2*h, -1 = -d. Is h prime?
True
Let f = 948299 + -660450. Is f composite?
False
Let p be (-356 - (1 + -2))*-4. Suppose 13*h + 9377 = -594. Let w = h + p. Is w composite?
False
Suppose 4*o + 168375 = t, -3865*t + 5*o - 841775 = -3870*t. Is t a prime number?
False
Let o = -470 + 492. Let z(u) = 8*u**2 - 23*u + 125. Is z(o) a prime number?
True
Let z(g) = 19058*g + 367. Is z(6) a prime number?
False
Let f(j) = 7*j + 17. Let c(x) = -3*x - 9. Let s(d) = -5*c(d) - 2*f(d). Let y be s(-9). Let o(z) = 193*z - 5. Is o(y) a composite number?
True
Let d(a) = -2643*a + 1012. Is d(-35) composite?
True
Let j be (7/(-3))/((-287)/246). Suppose j*m - 66302 = -5*w + 23023, 0 = 3*m - 15. Is w a composite number?
False
Suppose j - 5 = -5*g, -4*j - 12 = 7*g - 3*g. Suppose -g*m + 7*t - 5*t + 35390 = 0, m - 5*t - 17703 = 0. Is m composite?
True
Is 21690 - (-6)/30*55 a prime number?
True
Let w(o) = -19*o - 204. Let h be w(-15). Let c = 10448 + h. Is c a composite number?
False
Let k(q) be the third derivative of 7/2*q**3 + 5/24*q**4 + 0*q + 20*q**2 + 1/60*q**5 + 0. Is k(-22) a prime number?
False
Let u(t) = 2*t**2 - 6. Let a be u(2). Suppose 2*x = -4*s + 666, -999 = -x - a*x - s. Let y = x + 814. Is y a composite number?
True
Let y(b) = -b**2 - 4*b - 32. Let t(f) = 4*f**2 + 11*f + 95. Let s = -40 - -48. Let j(w) = s*y(w) + 3*t(w). Is j(8) a prime number?
True
Let z(k) = k**3 - 47*k**2 + k - 45. Let x be z(47). Suppose -x*a + 5*l + 11985 = 38, -4*a + 23921 = -l. Is a composite?
False
Suppose 2*c + 8 = 0, -2*c = 12*x - 8*x - 144. Is ((-1)/2)/(x/(-1987780)) a prime number?
False
Suppose -20*i + 340 = -3*i. Suppose 5*u = -i, -2*u + 3425 = s + u. Is s a prime number?
False
Let l(t) = -2*t**2 + 10*t - 5. Let c be l(4). Suppose -5*v + 25 = 0, 0*s = -c*s - 2*v + 2086. Suppose g - 3382 = -5*p, -p + 2*p - s = 5*g. Is p composite?
False
Suppose 87*m - 83*m = 37232. Let d = m - -2151. Is d a composite number?
True
Let u(b) = 53782*b - 5077. Is u(20) a prime number?
False
Let h(q) = -q**2 + 11*q + 473. Let u be h(36). Let s be 8/(-6)*(-5094)/12. Let y = s - u. Is y prime?
False
Let h(u) = 72*u + 13. Let z(m) = -73*m - 12. Let t(k) = -k - 4. Let p be t(0). Let c(g) = p*h(g) - 5*z(g). Is c(9) a composite number?
False
Suppose 4*o - 34 = -5*c, o + 5*c = 10*c - 4. Suppose 0 = o*t - 7909 - 1145. Is t composite?
True
Let x be (0 + 12)/(-4 + 0 + 3). Is (236/590)/((x/(-3310))/3) prime?
True
Is (-2406552)/(-42) + (-1 - (-8)/7) a prime number?
False
Let v(b) = 18*b**2 - b - 80. Suppose 0 = -4*c - 5*a + 44 - 152, -3*a = 4*c + 100. Is v(c) prime?
False
Suppose 294*p - 283*p + 86944 = 0. Is 7 + -6 - -2 - p prime?
True
Let p be (6 - 33)/(-3) - -1926. Let n = p - 728. Is n a prime number?
False
Suppose -51*m - 42*m + 11170509 = 0. Is m composite?
True
Let s = -127 + 127. Suppose s = 4*n + 4*x + 84, -3*n - 4*x - 53 = -3*x. Is (-7000)/n + (-6)/(-4) a composite number?
False
Let i(n) = 125*n**3 - 17*n**2 - 5. Is i(7) prime?
False
Suppose 154*j = -5*k + 153*j + 1397132, 5*k + 3*j = 1397126. Is k a composite number?
True
Let r = 211 - 204. Is (r - 2)*34022/(-10)*-1 a composite number?
False
Suppose -4*k + q + 0*q + 400502 = 0, 3*k = -2*q + 300393. Is k a composite number?
True
Is 4866 - (3/1)/((-132)/(-308)) a composite number?
True
Suppose -3*f = 5*f - 24. Is (f/(-2))/((-2)/(-17392)*-4) composite?
True
Suppose 0*k - 3*o - 13319 = 4*k, 0 = 2*k + 3*o + 6655. Let u = 6469 + k. Is u a composite number?
False
Let l = 310 + -285. Is ((-9290)/l)/(5/(-25)) composite?
True
Suppose -2*g + 0*q - 2*q + 12 = 0, 4*g = 2*q. Suppose 16 = 4*m, -4*s + s + g*m + 2203 = 0. Is s prime?
False
Is (-1)/((-8)/(24922640/10)) a prime number?
True
Let h(v) = 792*v + 19. Let p(w) = 790*w + 17. Let k(x) = 5*h(x) - 6*p(x). Is k(-3) a composite number?
False
Let t = -35 + 38. Suppose -3*o = 5*x - 24, t*o - 7 = 4*x - 37. Is (-1517)/1*x/(-6) a prime number?
False
Let i(a) = -a**3 + 24*a**2 - 68*a + 317. Is i(20) a composite number?
False
Suppose -3*g - 200 + 257 = 0. Suppose g*i = 40412 + 5226. Is i a composite number?
True
Let x(b) = 2*b**2 + 24*b + 503. Is x(124) a prime number?
True
Is 253680 - ((-1393)/(-995))/((-2)/10) a composite number?
True
Let d = -68 - -32. Let s be 98/(-12) + (-6)/d. Is (-17630)/s + (-12)/16 a composite number?
False
Let l be (((-9)/12)/(-1))/((-1)/(-96)). Suppose -3*g - 5*g = -l. Suppose -g*w + 768 = -294. Is w composite?
True
Is (-411927)/(-3) + (2 - -6) a prime number?
False
Suppose 11173008 = -n + 12*n. Is (-2)/4 - n/(-32) prime?
True
Let m be -4*(2 + -3 - (-143)/(-22)). Suppose m*f - f = 124381. Is f a prime number?
True
Let m be -2*(-3 - (611/2 + 4)). Let u = -381 - m. Let b = -392 - u. Is b prime?
False
Is ((-56)/(-112))/(2/250552) + 1 a composite number?
False
Let c be 2/(-3) - 17/((-357)/56). Suppose -c*f + 4109 = t, -3*f = -3*t - 2*t - 6144. Is f a prime number?
True
Suppose 16*o - 264 = 27*o. Is -1*o/(-8) + 2336 prime?
True
Let p(f) = 5*f**3 + f**2 - f - 42. Let b be p(7). Let x =